common factor of s and 3?
3
Let m(j) = -2*j**3 + 5*j**2 + 3*j - 9. Let o be m(2). Let y = 33 - -8. Calculate the highest common divisor of o and y.
1
Suppose 3*v - 536 = 5*q, 5*v - 9*v + 3*q + 711 = 0. What is the greatest common divisor of 87 and v?
3
Suppose -d + 60 = -2*n + 38, -d = -4*n - 22. Suppose 5*b + 2*b = 539. What is the highest common divisor of b and d?
11
Let j be (-66)/(-121) - (4 + 425/(-110))*-62. Suppose 3*u - 206 = 2*r, -u = -6*u - 2*r + 370. What is the highest common divisor of u and j?
9
Suppose -43 = -o - 0*o. Calculate the highest common factor of o and 6880.
43
Let n = 13 - 6. Let w(z) = 7*z**2 - 537*z - 3878. Let s be w(-7). Calculate the highest common factor of s and n.
7
Suppose 376 = -2*n + q + 1235, -1306 = -3*n - 2*q. What is the highest common divisor of n and 990?
18
Suppose u + 96 = -158. Let o = u - -390. What is the greatest common divisor of o and 17?
17
Let r(w) = w**3 + 8*w**2 - 9*w - 13. Let f be r(-7). Let s = 106 - f. Let p be 1*2*(s + 26 + 7). What is the greatest common factor of p and 16?
16
Suppose 0 = -7*h + h + 24. Suppose 0 = 14*z - 19*z + 220. Suppose -z = -h*f - q, f - 11 = q - 3*q. What is the highest common factor of 253 and f?
11
Suppose 3*l = 3*g + 435, 6*l = -8*g + 13*g + 863. Calculate the greatest common divisor of l and 24.
6
Let u = 14405 + -14369. What is the highest common divisor of 4122 and u?
18
Suppose -99 = -6*k - 3*k. Let h(u) = u**3 - 2*u**2 + 3*u + 484. Let f be h(0). Calculate the greatest common factor of f and k.
11
Suppose 0 = -q - 21*a + 18*a + 58, 0 = -2*q - 5*a + 112. Suppose 30 + 26 = -4*x. Let i = x - -37. What is the highest common factor of i and q?
23
Let c(s) = -s**3 + 5*s**2 + 6*s - 5. Let z be c(5). Let v = 202 + -162. Let m be 300/9*30/v. What is the greatest common factor of z and m?
25
Let t be 1*(-5 + 3 + 5). Let y(w) = 4*w + 16. Let g be y(t). What is the highest common factor of 49 and g?
7
Let w(g) = g + 30. Let k be w(0). Let r be (-36)/(-42) - ((-74)/(-111))/(7/(-306)). What is the greatest common divisor of r and k?
30
Let o be ((1 - -7) + 38)/(3 - 1). Suppose -o*a = -43*a + 1740. What is the highest common factor of 116 and a?
29
Let j = 47313 + -28047. Suppose 0 = -59*u + 40*u + j. What is the highest common factor of 78 and u?
78
Let g = -5743 - -6023. Calculate the greatest common divisor of g and 1512.
56
Let r(s) = s**2 - 2*s + 8. Let q be r(-7). Let k(p) = 2*p**3 + 340*p**2 + 362*p + 4198. Let x be k(-169). Calculate the highest common divisor of x and q.
71
Suppose 163*d + 483 = 166*d - 3*z, 20 = 5*z. Calculate the highest common factor of d and 15.
15
Let a be 9218/88 + ((-51)/(-12) - 4). Calculate the highest common divisor of a and 1743.
21
Suppose 0 = -3*u - 2*j + 3*j + 27, -5*u = j - 45. Suppose -118*s + 81*s - 9594 = -63*s. Calculate the highest common factor of u and s.
9
Suppose -690 + 23602 = 2*b. Calculate the greatest common divisor of 64 and b.
64
Let u = 15 + -9. Suppose 167 = -3*b + 197. Suppose -b*t - 3*m = -5*t - 273, -t + m = -53. Calculate the greatest common divisor of u and t.
6
Let j be ((-60078)/136)/((-14)/(-40) + (-12)/20). What is the greatest common divisor of 76 and j?
19
Let c(b) = -19*b + 1027. Let i be c(37). Calculate the greatest common divisor of 252 and i.
36
Let l = 14 - -194. Let s be l/20 - 6/15 - -4. Calculate the highest common divisor of 126 and s.
14
Suppose b - 2*v = v + 51, 3*v + 177 = 3*b. Let a(f) = -f**2 + 45. Let r be a(6). Calculate the highest common divisor of r and b.
9
Let d be 4 + -2 + 0/(-3). Suppose d*f - 4*u = 26, 3*f - 5*u - 31 = f. Suppose f*v + 8 = 239. What is the greatest common factor of v and 11?
11
Let n(z) = 420*z + 8066. Let s be n(48). Calculate the highest common factor of 22 and s.
22
Let a = 96 + -94. Let l(t) = -3 - t - t**3 + t**a + 14*t - 7*t + t**2. Let x be l(3). Calculate the highest common divisor of 96 and x.
6
Suppose 0 = 28*y - y - 702. Suppose 3*m = -y*m + 812. Calculate the greatest common factor of 175 and m.
7
Let m = 1142 + 662. Calculate the greatest common factor of m and 44.
44
Suppose 5*z - 2*a = 100, 4*z - 523*a + 522*a - 80 = 0. What is the highest common divisor of z and 512?
4
Let x be 923/5 - 10/(-25). Suppose -4*f = d - 125, 4*d - x + 45 = -4*f. Let c = f + 3. What is the highest common factor of c and 11?
11
Suppose 3*t + 4 = 22. Suppose 3*n = t*n + 507. Let j = 556 + n. Calculate the highest common divisor of 43 and j.
43
Suppose -5*x = -5*d - 55, -124*d - 43 = -4*x - 119*d. Let l be 3 - ((-36)/4)/(-3). Suppose l = -5*t + 4 + 16. Calculate the greatest common factor of t and x.
4
Let n = 21 + 27. Suppose 2*o - n = 66. Suppose 0 = -3*t + 30 + o. What is the highest common divisor of 29 and t?
29
Let v be 213/(-2*(-51)/34). Calculate the highest common divisor of v and 7313.
71
Suppose 16*u = 3195 + 5. Calculate the highest common factor of 375 and u.
25
Suppose j + 28 = 2*x, 0 = 2*x - 2*j - 30 - 2. Let s(p) = -p + 48. Let t be s(x). What is the greatest common divisor of t and 18?
18
Let p(g) = g**3 - 3*g**2 - g - 7. Let n be p(4). Suppose 0 = 2*q - n*q - 9. Let s = q + 11. What is the highest common factor of s and 16?
8
Let h = 1974 + -1969. Calculate the highest common factor of 20 and h.
5
Let q = 18 + 174. Suppose -3*n = 4*i - q + 41, i + 195 = 4*n. Suppose -3*x + 0*x + 294 = 0. What is the greatest common divisor of n and x?
49
Suppose -4*j - 23 = -f + 15, -2*f + 3*j + 56 = 0. What is the highest common factor of 451 and f?
11
Let b be 3/(-11*3/(-12) + -2). Suppose -j - 5*x + 20 = 0, -b*j + 2*x = -2*x - 104. Let u = 17 - 12. Calculate the highest common divisor of j and u.
5
Let n(g) = g**2 - 8*g + 31. Let f be n(5). Suppose 10*x - 176 = -f. What is the greatest common divisor of 184 and x?
8
Let y be (-1)/1*(-580 - 69). Let q(x) = -14*x + 3. Let s be q(-4). Calculate the greatest common factor of y and s.
59
Suppose -86*v + 64698 = 44713 - 61887. What is the highest common factor of v and 1309?
119
Suppose -4*h + 124*b - 119*b + 2707 = 0, -5*h = -b - 3389. What is the greatest common factor of 54 and h?
6
Let a be 1 - 1 - 21*(-2542)/123. What is the highest common divisor of a and 7?
7
Let v(a) = -a + 23. Let k be v(-9). Suppose 6*u - 3*c = 3*u + 117, u + 3*c - 19 = 0. Let m = u - 18. What is the highest common divisor of k and m?
16
Let d(s) = -s**3 + 5*s**2 - 2*s + 3. Let k be d(4). Suppose 69*j - 12474 = -57*j. What is the highest common divisor of k and j?
11
Let l = 201 + -113. Let g = l - 109. Let d(u) = -u**2 - 23*u - 32. Let z be d(g). What is the highest common divisor of z and 100?
10
Let n(y) = 2*y**3 + 28*y**2 + 17*y - 1. Let l be n(-13). Suppose -125*z + l*z + 918 = 0. What is the highest common factor of 34 and z?
34
Let v be 29/((-87)/(-150)) - 19. Calculate the highest common factor of v and 7781.
31
Suppose 40 = 4*t + t. Suppose 2*m - 710 = -5*l, 0 = 364*l - 362*l + 4*m - 268. What is the highest common factor of l and t?
8
Suppose 0 = -7*l + 312 + 1284. Let u = l - 118. Suppose -31*c - 90 = -40*c. What is the highest common divisor of u and c?
10
Let h(p) = p**3 - 4*p**2 + 7*p - 6. Let i be h(4). Let o = 96 - 91. Suppose o*j + 5*t - 190 = 0, 25 = 3*t + 2*t. What is the greatest common factor of j and i?
11
Let v(g) = 2*g**2 + 16*g + 6. Let s be 22*(15/(-6))/5. Let t be v(s). Suppose -70*p - 18 = -t*p. Calculate the highest common divisor of 45 and p.
9
Let s(n) = 75*n**2 + n - 1. Let l be s(1). Suppose -10*f - 415 + 715 = 0. Calculate the highest common divisor of l and f.
15
Let n be ((-1208)/10)/(5 + 27/(-5)). Suppose 8*m = n + 490. Let k be ((-16704)/m)/(-4) + 4/(-22). What is the greatest common divisor of 105 and k?
21
Let v be (-2340)/(-1820) - 570/(-14). Calculate the greatest common factor of 581 and v.
7
Let d(s) = s**3 - s**2. Let j be d(2). Suppose -8 = -5*c + j*k - 3*k, -k = 3*c - 8. Suppose -17 = -3*r + c*r. Calculate the highest common factor of r and 68.
17
Suppose 4*x = 4*t - 500, -6*x = -4*x - 8. What is the highest common divisor of 21 and t?
3
Suppose r - 90 = -4*r. Suppose 863 = -31*g + 925. What is the greatest common factor of r and g?
2
Let m = -3526 - -3548. Calculate the greatest common divisor of m and 10098.
22
Let o = 2927 + -2747. Calculate the highest common divisor of 1116 and o.
36
Let